{"id":635,"date":"2026-02-10T21:44:46","date_gmt":"2026-02-10T20:44:46","guid":{"rendered":"https:\/\/mruizsvt.fr\/?page_id=635"},"modified":"2026-02-11T09:56:27","modified_gmt":"2026-02-11T08:56:27","slug":"1-3-innondation","status":"publish","type":"page","link":"https:\/\/mruizsvt.fr\/index.php\/6-eme\/chpitre-6\/1-3-innondation\/","title":{"rendered":"1.3 Etude d&rsquo;un ph\u00e9nom\u00e8ne climatique l\u2019effet de Serre"},"content":{"rendered":"\n<p class=\"has-accent-4-color has-text-color has-link-color wp-elements-3c7b0d0f7da37d77172e4ef9b3d44ea9\">Comment pr\u00e9voir le temps qu\u2019il va faire&nbsp;?<\/p>\n\n\n\n<blockquote class=\"wp-block-quote is-layout-flow wp-block-quote-is-layout-flow\">\n<p class=\"has-text-align-center\"><strong>Exercice classe<\/strong><\/p>\n\n\n\n<p class=\"has-text-align-center\">Exercice livre page 316-317<\/p>\n<\/blockquote>\n\n\n\n<blockquote class=\"wp-block-quote is-layout-flow wp-block-quote-is-layout-flow\">\n<p class=\"has-text-align-center\">Correction<\/p>\n<\/blockquote>\n\n\n\n<ol class=\"wp-block-list\">\n<li>Sous une serre la temp\u00e9rature est plus \u00e9lev\u00e9 qu\u2019\u00e0 l\u2019ext\u00e9rieur or nous pouvons observer le m\u00eame ph\u00e9nom\u00e8ne sur la terre entre l\u2019ext\u00e9rieur de l\u2019atmosph\u00e8re et l\u2019int\u00e9rieur de l\u2019atmosph\u00e8re o\u00f9 la temp\u00e9rature est plus \u00e9lev\u00e9e, c\u2019est pourquoi ce ph\u00e9nom\u00e8ne \u00e0 \u00e9t\u00e9 appel\u00e9 effet de serre.<\/li>\n<\/ol>\n\n\n\n<ul class=\"wp-block-list\">\n<li>Paroi de la serre\/effet de serre\u00a0: B\u00e9cher<\/li>\n<\/ul>\n\n\n\n<p>Soleil&nbsp;: Lampe<\/p>\n\n\n\n<p>Surface de la Terre&nbsp;: Table<\/p>\n\n\n\n<ul class=\"wp-block-list\">\n<li>Dans l\u2019exp\u00e9rience nous observons que sous le b\u00e9cher la temp\u00e9rature est plus \u00e9lev\u00e9. Au d\u00e9but de l\u2019exp\u00e9rience la temp\u00e9rature est de 21\u00b0C pour les deux milieux mais au bout de 600s nous avons 26\u00b0C a cot\u00e9 du b\u00e9cher et 29\u00b0C sous le b\u00e9cher.<\/li>\n<\/ul>\n\n\n\n<ul class=\"wp-block-list\">\n<li>En 1850 il y a eu 1000 Millions de tonnes de CO<sub>2<\/sub> \u00e9mis alors qu\u2019en 2010 il y a eu 36000 Millions de tonnes de CO<sub>2<\/sub> \u00e9mis donc les \u00e9missions de dioxydes de carbones ont augment\u00e9 d\u2019ann\u00e9es en ann\u00e9es.<\/li>\n<\/ul>\n\n\n\n<ul class=\"wp-block-list\">\n<li>L\u2019augmentation de la quantit\u00e9 des gaz \u00e0 effet de serre va entra\u00eener la conservation de davantage d\u2019\u00e9nergie solaire et donc une temp\u00e9rature qui va continuer \u00e0 augmenter.<\/li>\n<\/ul>\n\n\n\n<p><\/p>\n\n\n\n<p><\/p>\n\n\n\n<blockquote class=\"wp-block-quote is-layout-flow wp-block-quote-is-layout-flow\">\n<p class=\"has-text-align-center\">Bilan<\/p>\n<\/blockquote>\n\n\n\n<p class=\"has-accent-3-color has-text-color has-link-color wp-elements-c13f873c59e48fb6548d618841f8cfb2\">Le climat est le temps qu\u2019il fait en moyenne dans une r\u00e9gion donn\u00e9e.<\/p>\n\n\n\n<p class=\"has-accent-3-color has-text-color has-link-color wp-elements-227e08a45352a51e159b3c0f3ef820e7\"><strong><br><\/strong><\/p>\n","protected":false},"excerpt":{"rendered":"<p>Comment pr\u00e9voir le temps qu\u2019il va faire&nbsp;? Exercice classe Exercice livre page 316-317 Correction Soleil&nbsp;: Lampe Surface de la Terre&nbsp;: Table Bilan Le climat est le temps qu\u2019il fait en moyenne dans une r\u00e9gion donn\u00e9e.<\/p>\n","protected":false},"author":1,"featured_media":0,"parent":615,"menu_order":0,"comment_status":"closed","ping_status":"closed","template":"","meta":{"footnotes":""},"class_list":["post-635","page","type-page","status-publish","hentry"],"_links":{"self":[{"href":"https:\/\/mruizsvt.fr\/index.php\/wp-json\/wp\/v2\/pages\/635","targetHints":{"allow":["GET"]}}],"collection":[{"href":"https:\/\/mruizsvt.fr\/index.php\/wp-json\/wp\/v2\/pages"}],"about":[{"href":"https:\/\/mruizsvt.fr\/index.php\/wp-json\/wp\/v2\/types\/page"}],"author":[{"embeddable":true,"href":"https:\/\/mruizsvt.fr\/index.php\/wp-json\/wp\/v2\/users\/1"}],"replies":[{"embeddable":true,"href":"https:\/\/mruizsvt.fr\/index.php\/wp-json\/wp\/v2\/comments?post=635"}],"version-history":[{"count":2,"href":"https:\/\/mruizsvt.fr\/index.php\/wp-json\/wp\/v2\/pages\/635\/revisions"}],"predecessor-version":[{"id":641,"href":"https:\/\/mruizsvt.fr\/index.php\/wp-json\/wp\/v2\/pages\/635\/revisions\/641"}],"up":[{"embeddable":true,"href":"https:\/\/mruizsvt.fr\/index.php\/wp-json\/wp\/v2\/pages\/615"}],"wp:attachment":[{"href":"https:\/\/mruizsvt.fr\/index.php\/wp-json\/wp\/v2\/media?parent=635"}],"curies":[{"name":"wp","href":"https:\/\/api.w.org\/{rel}","templated":true}]}}