{"id":521,"date":"2025-03-05T09:42:25","date_gmt":"2025-03-05T08:42:25","guid":{"rendered":"https:\/\/mruizsvt.fr\/?page_id=521"},"modified":"2025-03-05T09:42:55","modified_gmt":"2025-03-05T08:42:55","slug":"2-1-lenergie-dans-le-quotidien","status":"publish","type":"page","link":"https:\/\/mruizsvt.fr\/index.php\/6-eme\/chapitre-4-les-mouvements-et-lenergie\/2-1-lenergie-dans-le-quotidien\/","title":{"rendered":"2.1 L\u2019\u00e9nergie dans le quotidien"},"content":{"rendered":"\n<blockquote class=\"wp-block-quote has-text-align-center is-layout-flow wp-block-quote-is-layout-flow\">\n<p>Exercice<\/p>\n\n\n\n<p>Livre physique page 46<\/p>\n<\/blockquote>\n\n\n\n<p class=\"has-text-align-center\"><\/p>\n\n\n\n<blockquote class=\"wp-block-quote is-layout-flow wp-block-quote-is-layout-flow\">\n<p class=\"has-text-align-center\">Correction<\/p>\n<\/blockquote>\n\n\n\n<p><strong>Activit\u00e9 6&nbsp;:<\/strong><\/p>\n\n\n\n<ol class=\"wp-block-list\">\n<li>Dans le document 2, il y a de l\u2019\u00e9nergie lumineuse \u00e9mise par les \u00e9crans publicitaires et lampadaires, de l\u2019\u00e9nergie \u00e9lectriques consomm\u00e9e par ces derniers.<\/li>\n<\/ol>\n\n\n\n<p>Dans le document 3, le TGV poss\u00e8de de l\u2019\u00e9nergie de mouvement car il se d\u00e9place.<\/p>\n\n\n\n<p>Dans le document 4, Rafael Nadal se ressource en \u00e9nergie chimique contenue dans la banane.<\/p>\n\n\n\n<p><\/p>\n\n\n\n<p>2. <\/p>\n\n\n\n<figure class=\"wp-block-image size-full\"><img loading=\"lazy\" decoding=\"async\" width=\"938\" height=\"534\" src=\"https:\/\/mruizsvt.fr\/wp-content\/uploads\/2025\/03\/image.png\" alt=\"\" class=\"wp-image-523\" srcset=\"https:\/\/mruizsvt.fr\/wp-content\/uploads\/2025\/03\/image.png 938w, https:\/\/mruizsvt.fr\/wp-content\/uploads\/2025\/03\/image-300x171.png 300w, https:\/\/mruizsvt.fr\/wp-content\/uploads\/2025\/03\/image-768x437.png 768w\" sizes=\"auto, (max-width: 938px) 100vw, 938px\" \/><\/figure>\n\n\n\n<p><\/p>\n\n\n\n<p>3. <\/p>\n\n\n\n<p>Montage a<\/p>\n\n\n\n<figure class=\"wp-block-image size-large\"><img loading=\"lazy\" decoding=\"async\" width=\"1024\" height=\"148\" src=\"https:\/\/mruizsvt.fr\/wp-content\/uploads\/2025\/03\/image-1-1024x148.png\" alt=\"\" class=\"wp-image-524\" srcset=\"https:\/\/mruizsvt.fr\/wp-content\/uploads\/2025\/03\/image-1-1024x148.png 1024w, https:\/\/mruizsvt.fr\/wp-content\/uploads\/2025\/03\/image-1-300x43.png 300w, https:\/\/mruizsvt.fr\/wp-content\/uploads\/2025\/03\/image-1-768x111.png 768w, https:\/\/mruizsvt.fr\/wp-content\/uploads\/2025\/03\/image-1-1536x223.png 1536w, https:\/\/mruizsvt.fr\/wp-content\/uploads\/2025\/03\/image-1.png 1560w\" sizes=\"auto, (max-width: 1024px) 100vw, 1024px\" \/><\/figure>\n\n\n\n<p>Montage b<\/p>\n\n\n\n<figure class=\"wp-block-image size-large\"><img loading=\"lazy\" decoding=\"async\" width=\"1024\" height=\"184\" src=\"https:\/\/mruizsvt.fr\/wp-content\/uploads\/2025\/03\/image-2-1024x184.png\" alt=\"\" class=\"wp-image-525\" srcset=\"https:\/\/mruizsvt.fr\/wp-content\/uploads\/2025\/03\/image-2-1024x184.png 1024w, https:\/\/mruizsvt.fr\/wp-content\/uploads\/2025\/03\/image-2-300x54.png 300w, https:\/\/mruizsvt.fr\/wp-content\/uploads\/2025\/03\/image-2-768x138.png 768w, https:\/\/mruizsvt.fr\/wp-content\/uploads\/2025\/03\/image-2-1536x276.png 1536w, https:\/\/mruizsvt.fr\/wp-content\/uploads\/2025\/03\/image-2-2048x368.png 2048w\" sizes=\"auto, (max-width: 1024px) 100vw, 1024px\" \/><\/figure>\n\n\n\n<p><\/p>\n\n\n\n<p>4. Les humains ont besoin d\u2019\u00e9nergie pour bouger et vivre. Par exemple, Rafael Nadal (document 4) a besoin de manger une banane pendant une pause pour continuer \u00e0 jouer. Son corps transforme l\u2019\u00e9nergie contenue dans la banane en une autre qui sera utilis\u00e9 dans le bon fonctionnement du corps.<strong>\u00a0\u00a0\u00a0\u00a0\u00a0\u00a0\u00a0\u00a0\u00a0 <\/strong><\/p>\n\n\n\n<blockquote class=\"wp-block-quote is-layout-flow wp-block-quote-is-layout-flow\">\n<p class=\"has-text-align-center\">Bilan<\/p>\n<\/blockquote>\n\n\n\n<p class=\"has-accent-3-color has-text-color has-link-color wp-elements-db337c134d8343b1bbfed77979a298bc\">L\u2019\u00e9nergie permet \u00e0 un objet de se mouvoir, de se transformer ou de produire une quelconque action. Il existe diff\u00e9rents types d\u2019\u00e9nergies\u00a0: \u00e9nergie cin\u00e9tique (de mouvement), \u00e9nergie chimique, \u00e9nergie \u00e9lectrique, \u00e9nergie lumineuse et \u00e9nergie thermique.<\/p>\n\n\n\n<p><\/p>\n","protected":false},"excerpt":{"rendered":"<p>Exercice Livre physique page 46 Correction Activit\u00e9 6&nbsp;: Dans le document 3, le TGV poss\u00e8de de l\u2019\u00e9nergie de mouvement car il se d\u00e9place. Dans le document 4, Rafael Nadal se ressource en \u00e9nergie chimique contenue dans la banane. 2. 3. Montage a Montage b 4. Les humains ont besoin d\u2019\u00e9nergie pour bouger et vivre. Par [&hellip;]<\/p>\n","protected":false},"author":1,"featured_media":0,"parent":466,"menu_order":0,"comment_status":"closed","ping_status":"closed","template":"","meta":{"footnotes":""},"class_list":["post-521","page","type-page","status-publish","hentry"],"_links":{"self":[{"href":"https:\/\/mruizsvt.fr\/index.php\/wp-json\/wp\/v2\/pages\/521","targetHints":{"allow":["GET"]}}],"collection":[{"href":"https:\/\/mruizsvt.fr\/index.php\/wp-json\/wp\/v2\/pages"}],"about":[{"href":"https:\/\/mruizsvt.fr\/index.php\/wp-json\/wp\/v2\/types\/page"}],"author":[{"embeddable":true,"href":"https:\/\/mruizsvt.fr\/index.php\/wp-json\/wp\/v2\/users\/1"}],"replies":[{"embeddable":true,"href":"https:\/\/mruizsvt.fr\/index.php\/wp-json\/wp\/v2\/comments?post=521"}],"version-history":[{"count":2,"href":"https:\/\/mruizsvt.fr\/index.php\/wp-json\/wp\/v2\/pages\/521\/revisions"}],"predecessor-version":[{"id":527,"href":"https:\/\/mruizsvt.fr\/index.php\/wp-json\/wp\/v2\/pages\/521\/revisions\/527"}],"up":[{"embeddable":true,"href":"https:\/\/mruizsvt.fr\/index.php\/wp-json\/wp\/v2\/pages\/466"}],"wp:attachment":[{"href":"https:\/\/mruizsvt.fr\/index.php\/wp-json\/wp\/v2\/media?parent=521"}],"curies":[{"name":"wp","href":"https:\/\/api.w.org\/{rel}","templated":true}]}}