{"id":420,"date":"2025-01-06T09:55:13","date_gmt":"2025-01-06T08:55:13","guid":{"rendered":"https:\/\/mruizsvt.fr\/?page_id=420"},"modified":"2025-01-06T09:57:46","modified_gmt":"2025-01-06T08:57:46","slug":"1-3-comment-les-insectes-se-developpent-ils","status":"publish","type":"page","link":"https:\/\/mruizsvt.fr\/index.php\/6-eme\/la-production-de-matiere-chez-les-etres-vivants\/1-3-comment-les-insectes-se-developpent-ils\/","title":{"rendered":"1.3 Comment les insectes se d\u00e9veloppent-ils\u00a0?"},"content":{"rendered":"\n<blockquote class=\"wp-block-quote is-layout-flow wp-block-quote-is-layout-flow\">\n<p class=\"has-text-align-center\"><strong>Exercice classe<\/strong><\/p>\n\n\n\n<p class=\"has-text-align-center\"><a>Questions 1 \u00e0 5 pages 128 \u2013 129<\/a><\/p>\n<\/blockquote>\n\n\n\n<p class=\"has-medium-font-size\">Graphique 1\u00a0: taille en fonction du temps\u00a0:<br>1 carreau = 0.2cm<br>4 carreaux = 1 mois<\/p>\n\n\n\n<p class=\"has-text-align-left has-medium-font-size\">Graphique 2\u00a0: masse en fonction du temps\u00a0:<br>1 carreau = 0.2 gramme<br>4 carreaux = 1 mois<\/p>\n\n\n\n<blockquote class=\"wp-block-quote is-layout-flow wp-block-quote-is-layout-flow\">\n<p class=\"has-text-align-center\">Correction<\/p>\n<\/blockquote>\n\n\n\n<ol class=\"wp-block-list\">\n<li>Les diff\u00e9rentes formes sont\u00a0: \u0152uf, larve, nymphe, adulte<\/li>\n<\/ol>\n\n\n\n<p>2. R\u00e9alisation graphique<br>La masse passe de 1.2 g \u00e0 3.1g et la taille passe de 0.7cm \u00e0 3.0cm de 1 mois \u00e0 4 mois, la masse et la taille augmentent donc cours des 4 mois apr\u00e8s l\u2019\u00e9closion<\/p>\n\n\n\n<p>3. Les insectes doivent muer car leur peau devient dur et les emp\u00eache de grandir ils doivent retirer leur peau pour grandir.<\/p>\n\n\n\n<p>4. Le t\u00e9n\u00e9brion acquiert la capacit\u00e9 de se reproduire apres sa m\u00e9tamorphose qui permet de passer du stade larve au stade adulte,<\/p>\n\n\n\n<p>5. R\u00e9alisation ligne de temps<\/p>\n\n\n\n<p><\/p>\n\n\n\n<blockquote class=\"wp-block-quote is-layout-flow wp-block-quote-is-layout-flow\">\n<p class=\"has-text-align-center\">Bilan<\/p>\n<\/blockquote>\n\n\n\n<p class=\"has-accent-3-color has-text-color has-link-color wp-elements-495709b91e708ef99ade248d15cbeeb2\">Bilan\u00a0: Les insectes passent par diff\u00e9rents stades au cours de leur vie, pour finir par la forme adulte qui permet \u00e0 l\u2019animal de se reproduire.<\/p>\n\n\n\n<p class=\"has-accent-3-color has-text-color has-link-color wp-elements-227e08a45352a51e159b3c0f3ef820e7\"><strong><br><\/strong><\/p>\n","protected":false},"excerpt":{"rendered":"<p>Exercice classe Questions 1 \u00e0 5 pages 128 \u2013 129 Graphique 1\u00a0: taille en fonction du temps\u00a0:1 carreau = 0.2cm4 carreaux = 1 mois Graphique 2\u00a0: masse en fonction du temps\u00a0:1 carreau = 0.2 gramme4 carreaux = 1 mois Correction 2. R\u00e9alisation graphiqueLa masse passe de 1.2 g \u00e0 3.1g et la taille passe de [&hellip;]<\/p>\n","protected":false},"author":1,"featured_media":0,"parent":411,"menu_order":0,"comment_status":"closed","ping_status":"closed","template":"","meta":{"footnotes":""},"class_list":["post-420","page","type-page","status-publish","hentry"],"_links":{"self":[{"href":"https:\/\/mruizsvt.fr\/index.php\/wp-json\/wp\/v2\/pages\/420","targetHints":{"allow":["GET"]}}],"collection":[{"href":"https:\/\/mruizsvt.fr\/index.php\/wp-json\/wp\/v2\/pages"}],"about":[{"href":"https:\/\/mruizsvt.fr\/index.php\/wp-json\/wp\/v2\/types\/page"}],"author":[{"embeddable":true,"href":"https:\/\/mruizsvt.fr\/index.php\/wp-json\/wp\/v2\/users\/1"}],"replies":[{"embeddable":true,"href":"https:\/\/mruizsvt.fr\/index.php\/wp-json\/wp\/v2\/comments?post=420"}],"version-history":[{"count":1,"href":"https:\/\/mruizsvt.fr\/index.php\/wp-json\/wp\/v2\/pages\/420\/revisions"}],"predecessor-version":[{"id":422,"href":"https:\/\/mruizsvt.fr\/index.php\/wp-json\/wp\/v2\/pages\/420\/revisions\/422"}],"up":[{"embeddable":true,"href":"https:\/\/mruizsvt.fr\/index.php\/wp-json\/wp\/v2\/pages\/411"}],"wp:attachment":[{"href":"https:\/\/mruizsvt.fr\/index.php\/wp-json\/wp\/v2\/media?parent=420"}],"curies":[{"name":"wp","href":"https:\/\/api.w.org\/{rel}","templated":true}]}}