{"id":388,"date":"2024-12-03T08:55:57","date_gmt":"2024-12-03T07:55:57","guid":{"rendered":"https:\/\/mruizsvt.fr\/?page_id=388"},"modified":"2024-12-03T08:59:46","modified_gmt":"2024-12-03T07:59:46","slug":"1-3-comment-enregistrer-les-seismes","status":"publish","type":"page","link":"https:\/\/mruizsvt.fr\/index.php\/4-eme\/chapitre-2-les-seismes-et-la-tectonique-des-plaques\/1-3-comment-enregistrer-les-seismes\/","title":{"rendered":"1.3 Comment enregistrer les s\u00e9ismes\u00a0?"},"content":{"rendered":"\n<blockquote class=\"wp-block-quote is-layout-flow wp-block-quote-is-layout-flow\">\n<p class=\"has-text-align-center\"><strong>Exercice classe<\/strong><\/p>\n\n\n\n<div data-wp-interactive=\"core\/file\" class=\"wp-block-file\"><object data-wp-bind--hidden=\"!state.hasPdfPreview\" hidden class=\"wp-block-file__embed\" data=\"https:\/\/mruizsvt.fr\/wp-content\/uploads\/2024\/12\/Activite-3-Enregistrer-seisme.pdf\" type=\"application\/pdf\" style=\"width:100%;height:600px\" aria-label=\"Contenu embarqu\u00e9 Activit\u00e9 3 Enregistrer s\u00e9isme.\"><\/object><a id=\"wp-block-file--media-f6cc351b-cad3-4dfc-b48a-b8ac53b364c2\" href=\"https:\/\/mruizsvt.fr\/wp-content\/uploads\/2024\/12\/Activite-3-Enregistrer-seisme.pdf\">Activit\u00e9 3 Enregistrer s\u00e9isme<\/a><a href=\"https:\/\/mruizsvt.fr\/wp-content\/uploads\/2024\/12\/Activite-3-Enregistrer-seisme.pdf\" class=\"wp-block-file__button wp-element-button\" download aria-describedby=\"wp-block-file--media-f6cc351b-cad3-4dfc-b48a-b8ac53b364c2\">T\u00e9l\u00e9charger<\/a><\/div>\n<\/blockquote>\n\n\n\n<blockquote class=\"wp-block-quote is-layout-flow wp-block-quote-is-layout-flow\">\n<p class=\"has-text-align-center\">Correction<\/p>\n<\/blockquote>\n\n\n\n<p>\u200b1. Lire les documents<\/p>\n\n\n\n<p>2. Grenoble est dans la zone d&rsquo;intensit\u00e9 4 ce qui correspond a \u00ab\u00a0S\u00e9isme ressentit\u00a0\u00bb<\/p>\n\n\n\n<p>Saint-Ours est dans la zone d&rsquo;intensit\u00e9 II ce qui correspond a \u00ab\u00a0S\u00e9isme \u00e0 peine perceptible\u00a0\u00bb.<\/p>\n\n\n\n<p>3. Le seisme se propage sous forme d&rsquo;onde avec l&rsquo;intensit\u00e9 maximale au centre et en perdant en intensit\u00e9 en s&rsquo;\u00e9loignant.<\/p>\n\n\n\n<p>4. Grenoble : 16H24min20s intensit\u00e9 max 2679<br>    Saint ours : 16h24min35s intensit\u00e9 max 2413<\/p>\n\n\n\n<p>5. La zone ou le s\u00e9isme c&rsquo;est form\u00e9 s&rsquo;appelle le <strong>foyer<\/strong><\/p>\n\n\n\n<p><\/p>\n\n\n\n<blockquote class=\"wp-block-quote is-layout-flow wp-block-quote-is-layout-flow\">\n<p class=\"has-text-align-center\">Bilan<\/p>\n<\/blockquote>\n\n\n\n<p class=\"has-accent-3-color has-text-color has-link-color wp-elements-8af7986b294ad1d6171de46003047048\">Foyer : zone ou se forme le s\u00e9isme sous Terre<\/p>\n\n\n\n<figure class=\"wp-block-image size-full\"><img loading=\"lazy\" decoding=\"async\" width=\"656\" height=\"330\" src=\"https:\/\/mruizsvt.fr\/wp-content\/uploads\/2024\/12\/bilan-seisme.png\" alt=\"\" class=\"wp-image-395\" srcset=\"https:\/\/mruizsvt.fr\/wp-content\/uploads\/2024\/12\/bilan-seisme.png 656w, https:\/\/mruizsvt.fr\/wp-content\/uploads\/2024\/12\/bilan-seisme-300x151.png 300w\" sizes=\"auto, (max-width: 656px) 100vw, 656px\" \/><\/figure>\n\n\n\n<p class=\"has-accent-3-color has-text-color has-link-color wp-elements-5980c79001eade2ed086c8129e27619f\"><\/p>\n","protected":false},"excerpt":{"rendered":"<p>Correction \u200b1. Lire les documents 2. Grenoble est dans la zone d&rsquo;intensit\u00e9 4 ce qui correspond a \u00ab\u00a0S\u00e9isme ressentit\u00a0\u00bb Saint-Ours est dans la zone d&rsquo;intensit\u00e9 II ce qui correspond a \u00ab\u00a0S\u00e9isme \u00e0 peine perceptible\u00a0\u00bb. 3. Le seisme se propage sous forme d&rsquo;onde avec l&rsquo;intensit\u00e9 maximale au centre et en perdant en intensit\u00e9 en s&rsquo;\u00e9loignant. 4. [&hellip;]<\/p>\n","protected":false},"author":1,"featured_media":0,"parent":142,"menu_order":0,"comment_status":"closed","ping_status":"closed","template":"","meta":{"footnotes":""},"class_list":["post-388","page","type-page","status-publish","hentry"],"_links":{"self":[{"href":"https:\/\/mruizsvt.fr\/index.php\/wp-json\/wp\/v2\/pages\/388","targetHints":{"allow":["GET"]}}],"collection":[{"href":"https:\/\/mruizsvt.fr\/index.php\/wp-json\/wp\/v2\/pages"}],"about":[{"href":"https:\/\/mruizsvt.fr\/index.php\/wp-json\/wp\/v2\/types\/page"}],"author":[{"embeddable":true,"href":"https:\/\/mruizsvt.fr\/index.php\/wp-json\/wp\/v2\/users\/1"}],"replies":[{"embeddable":true,"href":"https:\/\/mruizsvt.fr\/index.php\/wp-json\/wp\/v2\/comments?post=388"}],"version-history":[{"count":3,"href":"https:\/\/mruizsvt.fr\/index.php\/wp-json\/wp\/v2\/pages\/388\/revisions"}],"predecessor-version":[{"id":396,"href":"https:\/\/mruizsvt.fr\/index.php\/wp-json\/wp\/v2\/pages\/388\/revisions\/396"}],"up":[{"embeddable":true,"href":"https:\/\/mruizsvt.fr\/index.php\/wp-json\/wp\/v2\/pages\/142"}],"wp:attachment":[{"href":"https:\/\/mruizsvt.fr\/index.php\/wp-json\/wp\/v2\/media?parent=388"}],"curies":[{"name":"wp","href":"https:\/\/api.w.org\/{rel}","templated":true}]}}