{"id":322,"date":"2024-11-05T14:36:24","date_gmt":"2024-11-05T13:36:24","guid":{"rendered":"https:\/\/mruizsvt.fr\/?page_id=322"},"modified":"2024-11-05T14:40:40","modified_gmt":"2024-11-05T13:40:40","slug":"2-1-etude-dun-elevage-de-poulet","status":"publish","type":"page","link":"https:\/\/mruizsvt.fr\/index.php\/6-eme\/lalimentation\/2-1-etude-dun-elevage-de-poulet\/","title":{"rendered":"2.1 Etude d\u2019un \u00e9levage de poulet"},"content":{"rendered":"\n<p class=\"has-accent-4-color has-text-color has-link-color wp-elements-df93748f1dd946b0591699dd19d46b31\">Comment sont organiser les \u00e9levages de poulets\u00a0?<\/p>\n\n\n\n<blockquote class=\"wp-block-quote is-layout-flow wp-block-quote-is-layout-flow\">\n<p class=\"has-text-align-center\"><strong>Exercice classe<\/strong><\/p>\n\n\n\n<p>Livre page 170-171<\/p>\n<\/blockquote>\n\n\n\n<p><\/p>\n\n\n\n<blockquote class=\"wp-block-quote is-layout-flow wp-block-quote-is-layout-flow\">\n<p class=\"has-text-align-center\">Correction<\/p>\n<\/blockquote>\n\n\n\n<ol class=\"wp-block-list\">\n<li>Sur les emballages d\u2019\u0153uf on pourrait indiquer la souche ainsi que l\u2019\u00e2ge de l\u2019abattage pour parler des conditions de vie des poulets et faire des choix en fonction de leur condition de vie et non seulement du prix.<\/li>\n<\/ol>\n\n\n\n<p>2. <\/p>\n\n\n\n<figure class=\"wp-block-table\"><table class=\"has-fixed-layout\"><tbody><tr><td rowspan=\"2\">Type d\u2019\u00e9levage<\/td><td class=\"has-text-align-center\" data-align=\"center\" colspan=\"3\">Avantages et inconv\u00e9nients<\/td><\/tr><tr><td>Producteur<\/td><td class=\"has-text-align-center\" data-align=\"center\">Consommateur<\/td><td class=\"has-text-align-center\" data-align=\"center\">Poulet<\/td><\/tr><tr><td>Elevage en poulailler<\/td><td class=\"has-text-align-center\" data-align=\"center\">+ Croissance rapide &#8211; Poulet malade &nbsp;<\/td><td class=\"has-text-align-center\" data-align=\"center\">+ Peu on\u00e9reux &#8211; Peu de gouts<\/td><td class=\"has-text-align-center\" data-align=\"center\">&#8211; peu de d\u00e9placement Probl\u00e8me de sant\u00e9 Vie courte<\/td><\/tr><tr><td>Elevage Label rouge<\/td><td class=\"has-text-align-center\" data-align=\"center\">Plus couteux<\/td><td class=\"has-text-align-center\" data-align=\"center\">+ Meilleure viande Plus couteux<\/td><td class=\"has-text-align-center\" data-align=\"center\">+ vie plus longue Meilleur qualit\u00e9 de vie, acc\u00e8s au plein air<\/td><\/tr><tr><td>Elevage auto forestier<\/td><td class=\"has-text-align-center\" data-align=\"center\">+ Engrais fournit par les d\u00e9jections N\u00e9cessite de la place<\/td><td class=\"has-text-align-center\" data-align=\"center\">+ Meilleure viande &nbsp;<\/td><td class=\"has-text-align-center\" data-align=\"center\">+ Tr\u00e8s bonne qualit\u00e9 de vie ( peu de stress, grand espace, \u2026) Meilleur sant\u00e9<\/td><\/tr><\/tbody><\/table><\/figure>\n\n\n\n<blockquote class=\"wp-block-quote is-layout-flow wp-block-quote-is-layout-flow\">\n<p class=\"has-text-align-center\">Bilan<\/p>\n<\/blockquote>\n\n\n\n<p class=\"has-accent-3-color has-text-color has-link-color wp-elements-19cd3379800a682614dc9d8efd758307\">Bilan\u00a0: Pour obtenir de la viande, des oeufs ou du lait, un agriculteur doit \u00e9lever des animaux.<\/p>\n\n\n\n<p class=\"has-accent-3-color has-text-color has-link-color wp-elements-d54794bac8a380c534751991767e3397\">Pour cela il choisit une souche et un mode d&rsquo;elevage ce qui influencera la qualit\u00e9 de la viande, le prix mais aussi la qualit\u00e9 de vie de l&rsquo;animal.<\/p>\n\n\n\n<p><\/p>\n","protected":false},"excerpt":{"rendered":"<p>Comment sont organiser les \u00e9levages de poulets\u00a0? Exercice classe Livre page 170-171 Correction 2. Type d\u2019\u00e9levage Avantages et inconv\u00e9nients Producteur Consommateur Poulet Elevage en poulailler + Croissance rapide &#8211; Poulet malade &nbsp; + Peu on\u00e9reux &#8211; Peu de gouts &#8211; peu de d\u00e9placement Probl\u00e8me de sant\u00e9 Vie courte Elevage Label rouge Plus couteux + Meilleure [&hellip;]<\/p>\n","protected":false},"author":1,"featured_media":0,"parent":286,"menu_order":0,"comment_status":"closed","ping_status":"closed","template":"","meta":{"footnotes":""},"class_list":["post-322","page","type-page","status-publish","hentry"],"_links":{"self":[{"href":"https:\/\/mruizsvt.fr\/index.php\/wp-json\/wp\/v2\/pages\/322","targetHints":{"allow":["GET"]}}],"collection":[{"href":"https:\/\/mruizsvt.fr\/index.php\/wp-json\/wp\/v2\/pages"}],"about":[{"href":"https:\/\/mruizsvt.fr\/index.php\/wp-json\/wp\/v2\/types\/page"}],"author":[{"embeddable":true,"href":"https:\/\/mruizsvt.fr\/index.php\/wp-json\/wp\/v2\/users\/1"}],"replies":[{"embeddable":true,"href":"https:\/\/mruizsvt.fr\/index.php\/wp-json\/wp\/v2\/comments?post=322"}],"version-history":[{"count":2,"href":"https:\/\/mruizsvt.fr\/index.php\/wp-json\/wp\/v2\/pages\/322\/revisions"}],"predecessor-version":[{"id":324,"href":"https:\/\/mruizsvt.fr\/index.php\/wp-json\/wp\/v2\/pages\/322\/revisions\/324"}],"up":[{"embeddable":true,"href":"https:\/\/mruizsvt.fr\/index.php\/wp-json\/wp\/v2\/pages\/286"}],"wp:attachment":[{"href":"https:\/\/mruizsvt.fr\/index.php\/wp-json\/wp\/v2\/media?parent=322"}],"curies":[{"name":"wp","href":"https:\/\/api.w.org\/{rel}","templated":true}]}}